t v(t) = -119*t - 6063. What is the tens digit of v(-83)?
1
Suppose -808 = -2*s + 4*c, -5*s + 0*s + c + 2065 = 0. Suppose -z + 642 = -s. What is the tens digit of z?
5
Suppose h = 2*w - 0 + 4, -h + 18 = 5*w. Let c be (1 - -2) + -1*(h - 5). Suppose -o - 5*o + 756 = c. What is the units digit of o?
6
Suppose -26871 + 6840 = -11*v. Suppose -d + 1165 = 2*i - 2502, 0 = i - 2*d - v. What is the thousands digit of i?
1
Let q(f) = -5*f**2 + 63*f - 11. Let l be q(25). Let t = 2416 + l. What is the units digit of t?
5
Let l = 1650 - -3640. Suppose c + 0*s + 3*s - 1078 = 0, 0 = -5*c + 5*s + l. What is the thousands digit of c?
1
Let k(b) = -15*b**3 + 2*b**2. Let h be k(-2). Suppose -6*z - 4*z + 540 = 0. Suppose -58*n = -z*n - h. What is the units digit of n?
2
Suppose -2*l - 2 = 0, -5*l + 14 - 19 = 5*v. Suppose -28*c + 2795 + 42705 = v. What is the hundreds digit of c?
6
Let a(r) = -r**2 + 8*r. Let g be a(3). Suppose -21097 = -g*z - 2*z. Suppose z = 5*o + 116. What is the tens digit of o?
2
Let p(z) be the second derivative of z**5/20 + z**4 - 5*z**3/6 - 3*z**2/2 + 45*z - 3. Suppose -4*c = 4 + 44. What is the units digit of p(c)?
7
Suppose -157588 = -4*s + k, 136*s - 3*k - 196978 = 131*s. What is the thousands digit of s?
9
What is the tens digit of 9564/(-49)*(-7)/(-2)*-14?
6
Let h = 51 - -4001. Suppose 7*o - h - 22 = 0. What is the tens digit of o?
8
Let d(o) = 4*o**3 - 3*o**2 + 5*o - 6. Let w be d(3). Suppose -10*s = 60 + w. What is the tens digit of s*2*12/(-4)?
9
Suppose -3960 = -17*n + 2*n. Let z = n - 46. What is the tens digit of z?
1
Let b = 29817 + -61441. What is the hundreds digit of (-2 + 6)/(5 - b/(-6328))?
5
Let r = 82674 - 44451. What is the hundreds digit of r?
2
Let h = 162 - 77. Let a = -87 + h. What is the tens digit of ((2 - -1) + 9/a)*-36?
5
Suppose -263350 - 285607 = -75*r + 41368. What is the units digit of r?
1
Let j = 19 + -34. Let a(n) = n + 24. Let d be a(j). Suppose d*c - 882 = -0*c. What is the units digit of c?
8
What is the units digit of (-5307)/(-9) - (145/15 + -9)?
9
Let g(s) = -80. Let t(p) = -p + 159. Let k(z) = -7*g(z) - 3*t(z). Let d(m) = 4*m + 40. Let b be d(-10). What is the tens digit of k(b)?
8
Suppose -18*g + 22*g + 2*j - 80 = 0, 0 = 2*g + 2*j - 44. What is the hundreds digit of (3 + g)*(-125)/(-3)?
8
Suppose 2*d - 3*d + 28400 = 3*d. What is the hundreds digit of d?
1
What is the ten thousands digit of 953982/15 - (8 - 2 - 155/25)?
6
Suppose -5*k + 48 = 2*t - 9*k, -3*t = -5*k - 67. Let s(l) = -10*l - 16. Let u(m) = 1. Let n(g) = -s(g) + 3*u(g). What is the hundreds digit of n(t)?
1
Suppose -q - 37026 = -18*q. Suppose -55*k + q = -49*k. What is the hundreds digit of k?
3
Suppose 5*i - 37*i = -30029 - 73843. What is the units digit of i?
6
Suppose -5*q - m + 65290 = 0, -4*m + 10795 = -4*q + 63027. What is the tens digit of q?
5
Suppose -16*s - 1308 + 348 = 0. Let m = s + 170. What is the hundreds digit of m?
1
Let c(g) = g - 10. Let t be c(14). Let b be (3 + (-22 - -5))/((-1)/t). Suppose -b = -p + 14. What is the units digit of p?
0
Suppose 4*l - 5*r - 53214 = -3*r, -4*r - 39923 = -3*l. What is the ten thousands digit of l?
1
Let b(g) = -7*g**3 + 6*g**2 + 18. Let q(s) = -12*s**3 + 12*s**2 - s + 37. Let c(w) = 5*b(w) - 3*q(w). What is the tens digit of c(10)?
0
Suppose 7*f - f - 104833 + 41407 = 0. What is the ten thousands digit of f?
1
Suppose -8*c + 9*c - 3*i = -1266, -i = 5*c + 6314. Let r = 1866 + c. What is the hundreds digit of r?
6
Let x = 313 + -311. What is the tens digit of x/13*-1 + 17820/234?
7
Suppose 0 = -25*g + 12*g + 3224. Suppose 4*w + 7*s = 11*s + 476, 0 = -2*w + 4*s + g. What is the tens digit of w?
1
Let c = 50020 - 36057. What is the tens digit of c?
6
Suppose -c - 1676 = -4*g, 3*g + 581 = -4*c + 1838. Suppose 11*p - 6368 - g = 0. What is the hundreds digit of p?
6
Let n = -30 + 34. Suppose -n*a = a - 1725. Suppose m = 3*q - 4*q + 77, -5*q - a = -5*m. What is the units digit of m?
3
Let u = -3 + 6. Let w(b) = b**u + 62 + 18*b**2 + b**2 - 35. What is the units digit of w(-19)?
7
Let w(p) = -3*p**2 - 3*p. Let g be w(-3). What is the tens digit of 4*(514/4 + 90/g)?
9
Let b be (3/(-6)*-674)/(5/10). Suppose -793 = -3*q + b. Suppose -i + q = 5*f, 0 = -5*f + 3*i + 116 + 357. What is the tens digit of f?
9
Suppose z + 72 = 7*z. Let b(n) = -n**2 + 6*n + 23. Let g be b(z). Let p = g - -138. What is the units digit of p?
9
Let z(g) = 15*g**2 - 48*g + 255. What is the hundreds digit of z(7)?
6
Suppose 0 = 3*y - 15 - 72. Suppose 6*x = -10*x + 720. Suppose 2*u = -3*j + x, 0*j - u = 2*j - y. What is the tens digit of j?
1
Let j = -13283 + 30338. What is the tens digit of j?
5
Let j = 917 + -910. Suppose j*l - 4165 = 4641. What is the hundreds digit of l?
2
What is the thousands digit of 2/(((-21)/114212)/(6/(-195796)) - 6)?
6
Suppose -8*i + 5*i - j + 57575 = 0, i = -4*j + 19199. What is the ten thousands digit of i?
1
Suppose -2*r + 4*d - 26 = 2, 2*r = 5*d - 32. What is the units digit of ((-15575)/(-150))/((-1)/r)?
3
Suppose g + 27 = n + 1872, -2*g + 3697 = 5*n. What is the units digit of g - (1/5)/((-3)/(-45))?
3
Suppose -5*l = -c - 409 - 385, 5*c - 641 = -4*l. Suppose -2*j + l = f + 54, -2*j = -f - 107. What is the units digit of j?
3
Let o(c) = -6 + 15*c**2 + 0 - 3*c**2 - c**3 + 0 + 6*c. What is the hundreds digit of o(9)?
2
Let z(b) = 9*b**2 - 44*b - 198. What is the ten thousands digit of z(41)?
1
Let k be 1 - 2 - -1 - (-27)/(-9). Let t be (513 + k)/(-3) - 0. Let u = t + 330. What is the tens digit of u?
6
Let v(d) = 96*d**2 - 83*d + 1304. What is the thousands digit of v(13)?
6
Let n(o) = 5*o**3 + o**2 + 18*o - 53. Let w be n(6). Let c = -680 + w. What is the hundreds digit of c?
4
Let f be (-1)/2 + 19/(-2). What is the hundreds digit of (10270/(-50))/(2/f)?
0
Let b = 1038 - 421. Let f = b + -326. What is the hundreds digit of f?
2
Let s(h) be the second derivative of 3*h**4/4 + 5*h**3/3 - 27*h**2/2 - 106*h. What is the hundreds digit of s(9)?
7
Let r = -884 + 880. What is the tens digit of -5 + 24*(r - -16) - -1?
8
What is the tens digit of (3 + -8)*(33 + -705)?
6
Let p be (-318)/8*96/108*-3. Suppose 0 = -4*d + 2*m + 842, -d + 112 + p = 2*m. What is the tens digit of d?
1
Suppose -m - 15 = -2*m - 2*s, -3*s + 30 = 3*m. Suppose 192 = -m*v - g + 2723, 0 = v + 3*g - 509. What is the units digit of v?
6
Let w be 1*-2*5*(-24 - -26). What is the tens digit of (45 - 3) + w + 27?
4
Let o(d) = 2*d**3 - 39*d**2 - 78*d - 7. What is the units digit of o(22)?
7
Suppose d = 17 + 3. Let h be (58/(-3))/(d/(-330)). Suppose 3*c - h = -7*k + 2*k, 3*c + 4*k = 320. What is the units digit of c?
8
Suppose -684*y = -679*y - u - 52371, 0 = 2*y + u - 20954. What is the thousands digit of y?
0
Let d(z) = -z**2 - z + 4. Let r(w) = 8*w**2 - 12*w + 34. Let l(a) = -4*d(a) + r(a). What is the hundreds digit of l(-8)?
8
Let z = -3 - -12. Let l be 6*((-5)/15 - (-6)/z). Suppose 0 = -l*i - 8, 2*i = 3*x + 7*i - 58. What is the units digit of x?
6
Let x = 11 - 9. Suppose 0 = 5*s - 10*s + 15, -3*n + x*s = 366. Let l = -79 - n. What is the tens digit of l?
4
Let m = 220583 - 152938. What is the tens digit of m?
4
Suppose a - 3*x = 863, -3*x + 306 = 2*a - 1375. What is the units digit of a?
8
Let p(d) = 7*d**3 - 5*d**3 + 2*d**2 - 3 + 0*d**3 - 3. Let j be 2*(-2)/(4/(-3)). What is the units digit of p(j)?
6
Let b(f) be the third derivative of 3*f**5/20 - 19*f**4/24 + f**3/3 + 122*f**2. What is the units digit of b(4)?
0
Suppose -7*v - 343 = -406. Let b(t) = 78*t - 55. What is the hundreds digit of b(v)?
6
Let h be 28/56 + 6/(-4). What is the units digit of (-3 - h)*(-8 - 53)?
2
Let h(q) = 2*q**2 - 23*q - 38. What is the tens digit of h(-14)?
7
Let f(p) = -p**3 - 2*p**2 - 6*p - 19. Let i be f(-3). Let a(r) = 44*r - 20. What is the units digit of a(i)?
2
Suppose 3*w + p = 737, -3 = -p + 4*p. Let o be (-4)/(-5) - w/(-30). Let l(z) = -z**3 + 9*z**2 + 9*z - 16. What is the units digit of l(o)?
5
Let t = 219 - 211. What is the units digit of 2/t + ((-2732)/(-16) - -5)?
6
Suppose 138*c - 71*c = 1424286. What is the units digit of c?
8
Let v = 223 - 237. What is the units digit of (-20)/8 - 5803/v?
2
Suppose -86929 = -5*j + 82141. Suppose -45*b + j = 13*b. What is the hundreds digit of b?
5
Let r = -12804 - -17976. Suppose -15*d + r + 12408 = 0